6902273.
7, 67, 14717
List the prime factors of 244361.
13, 18797
What are the prime factors of 3809120?
2, 5, 7, 19, 179
What are the prime factors of 191557?
223, 859
List the prime factors of 1925523.
3, 213947
List the prime factors of 2988528.
2, 3, 23, 2707
List the prime factors of 557484.
2, 3, 46457
What are the prime factors of 556640?
2, 5, 7, 71
What are the prime factors of 1511530?
2, 5, 151153
What are the prime factors of 5945165?
5, 1189033
What are the prime factors of 9403232?
2, 457, 643
What are the prime factors of 6484854?
2, 3, 17, 63577
What are the prime factors of 148901?
61, 2441
List the prime factors of 11009857.
881, 12497
List the prime factors of 11821031.
11821031
What are the prime factors of 2356550?
2, 5, 7, 6733
What are the prime factors of 63046?
2, 29, 1087
List the prime factors of 3770064.
2, 3, 2909
List the prime factors of 324100.
2, 5, 7, 463
List the prime factors of 17784939.
3, 41, 144593
What are the prime factors of 1720599?
3, 29, 19777
What are the prime factors of 1205186?
2, 602593
What are the prime factors of 1520174?
2, 17, 44711
What are the prime factors of 109032?
2, 3, 7, 11, 59
What are the prime factors of 898453?
19, 47287
List the prime factors of 13902275.
5, 359, 1549
List the prime factors of 27094541.
4441, 6101
List the prime factors of 13890491.
79, 175829
List the prime factors of 257498.
2, 128749
What are the prime factors of 3850822?
2, 43, 44777
List the prime factors of 332586.
2, 3, 2053
What are the prime factors of 2658280?
2, 5, 66457
What are the prime factors of 2765998?
2, 1382999
List the prime factors of 778792.
2, 7, 13907
List the prime factors of 14556806.
2, 11, 661673
What are the prime factors of 2273608?
2, 284201
What are the prime factors of 287369?
41, 43, 163
What are the prime factors of 6361440?
2, 3, 5, 29, 457
What are the prime factors of 10792331?
11, 17, 57713
List the prime factors of 43746.
2, 3, 23, 317
List the prime factors of 260237.
197, 1321
What are the prime factors of 14357327?
2609, 5503
What are the prime factors of 78568?
2, 7, 23, 61
What are the prime factors of 11622825?
3, 5, 67, 257
What are the prime factors of 184838?
2, 92419
What are the prime factors of 16416229?
16416229
What are the prime factors of 303491?
303491
List the prime factors of 321851.
321851
What are the prime factors of 19344781?
73, 264997
List the prime factors of 5939866.
2, 2969933
What are the prime factors of 219972?
2, 3, 23, 797
List the prime factors of 6542642.
2, 3271321
List the prime factors of 400336.
2, 131, 191
List the prime factors of 1182485.
5, 61, 3877
List the prime factors of 7124276.
2, 37, 1301
List the prime factors of 1430107.
7, 204301
What are the prime factors of 1016262?
2, 3, 13, 43, 101
List the prime factors of 447130.
2, 5, 61, 733
What are the prime factors of 7134094?
2, 11, 23, 613
List the prime factors of 7348.
2, 11, 167
List the prime factors of 3840885.
3, 5, 23, 1237
What are the prime factors of 3082030?
2, 5, 7, 44029
List the prime factors of 929410.
2, 5, 92941
What are the prime factors of 713818?
2, 7, 67, 761
What are the prime factors of 32392580?
2, 5, 11, 113, 1303
What are the prime factors of 6471463?
67, 96589
What are the prime factors of 635409?
3, 17, 4153
List the prime factors of 834173.
17, 49069
What are the prime factors of 1136096?
2, 13, 2731
What are the prime factors of 1462525?
5, 19, 3079
List the prime factors of 480860.
2, 5, 24043
List the prime factors of 501408.
2, 3, 1741
What are the prime factors of 484084?
2, 121021
What are the prime factors of 2481278?
2, 67, 18517
What are the prime factors of 3468979?
313, 11083
What are the prime factors of 212904?
2, 3, 2957
What are the prime factors of 11206028?
2, 1249, 2243
What are the prime factors of 241198?
2, 83, 1453
List the prime factors of 3264308.
2, 816077
List the prime factors of 1004530.
2, 5, 17, 19, 311
List the prime factors of 2660513.
19, 31, 4517
What are the prime factors of 1039679?
29, 35851
What are the prime factors of 23337596?
2, 53, 110083
List the prime factors of 2818012.
2, 41, 17183
List the prime factors of 7209882.
2, 3, 263, 1523
List the prime factors of 383088.
2, 3, 23, 347
What are the prime factors of 1031575?
5, 41263
List the prime factors of 1022618.
2, 17, 19, 1583
List the prime factors of 15420055.
5, 7, 62939
What are the prime factors of 391063?
391063
What are the prime factors of 8177501?
1087, 7523
What are the prime factors of 8881339?
911, 9749
List the prime factors of 770645.
5, 79, 1951
What are the prime factors of 6118973?
7, 151, 827
List the prime factors of 386978.
2, 181, 1069
List the prime factors of 172499.
17, 73, 139
List the prime factors of 9925417.
1373, 7229
List the prime factors of 261036.
2, 3, 2417
List the prime factors of 1528861.
17, 139, 647
List the prime factors of 627703.
19, 33037
What are the prime factors of 222007?
222007
List the prime factors of 373745.
5, 17, 4397
What are the prime factors of 2300504?
2, 137, 2099
What are the prime factors of 389691?
3, 17, 283
What are the prime factors of 9861346?
2, 11, 173, 2591
List the prime factors of 13206631.
13206631
List the prime factors of 197393.
7, 163, 173
What are the prime factors of 7828147?
7828147
List the prime factors of 14209286.
2, 7, 13, 101, 773
What are the prime factors of 235835?
5, 101, 467
List the prime factors of 180841.
193, 937
List the prime factors of 7499783.
283, 26501
What are the prime factors of 4946371?
17, 290963
What are the prime factors of 94564?
2, 47, 503
What are the prime factors of 485185?
5, 23, 4219
List the prime factors of 1728109.
41, 113, 373
What are the prime factors of 986843?
11, 13, 67, 103
List the prime factors of 1825437.
3, 163, 3733
What are the prime factors of 1772934?
2, 3, 47, 6287
List the prime factors of 6986455.
5, 7, 433, 461
What are the prime factors of 20259842?
2, 2281, 4441
List the prime factors of 643082.
2, 11, 29231
What are the prime factors of 754364?
2, 13, 89, 163
List the prime factors of 2048856.
2, 3, 85369
List the prime factors of 527626.
2, 11, 29, 827
What are the prime factors of 3594038?
2, 7, 17, 15101
What are the prime factors of 1340486?
2, 7, 23, 181
What are the prime factors of 29465692?
2, 17, 433319
List the prime factors of 510496.
2, 7, 43, 53
List the prime factors of 1210752.
2, 3, 1051
List the prime factors of 167801.
167801
List the prime factors of 379262.
2, 13, 29, 503
What are the prime factors of 2363472?
2, 3, 5471
What are the prime factors of 18297478?
2, 9148739
What are the prime factors of 3091213?
3091213
List the prime factors of 2130947.
7, 13, 23417
What are the prime factors of 254136?
2, 3, 10589
List the prime factors of 166042.
2, 61, 1361
List the prime factors of 70001.
70001
What are the prime factors of 291566?
2, 11, 29, 457
List the prime factors of 498573.
3, 31, 1787
List the prime factors of 2580878.
2, 1290439
What are the prime factors of 77060?
2, 5, 3853
List the prime factors of 33114.
2, 3, 5519
List the prime factors of 2689335.
3, 5, 11, 1811
List the prime factors of 5575031.
7, 11, 17, 4259
What are the prime factors of 2633130?
2, 3, 5, 17, 1721
What are the prime factors of 3943171?
3943171
What are the prime factors of 341575?
5, 13, 1051
List the prime factors of 351838.
2, 175919
List the prime factors of 931009.
269, 3461
What are the prime factors of 36733147?
11, 383, 8719
What are the prime factors of 5710847?
5710847
What are the prime factors of 350062?
2, 383, 457
List the prime factors of 165923.
277, 599
What are the prime factors of 46082?
2, 23041
List the prime factors of 186867.
3, 769
What are the prime factors of 1970847?
3, 23, 9521
What are the prime factors of 320622?
2, 3, 53437
What are the prime factors of 142123?
142123
List the prime factors of 136376.
2, 17047
List the prime factors of 723763.
199, 3637
What are the prime factors of 1213799?
179, 6781
What are the prime factors of 372781?
163, 2287
What are the prime factors of 275985?
3, 5, 6133
What are the prime factors of 1657201?
7, 13, 18211
What are the prime factors of 99712?
2, 19, 41
List the prime factors of 9720324.
2, 3, 19, 1579
What are the prime factors of